y 4624?
27
What is the remainder when 17583214 is divided by 12?
10
What is the remainder when 5092156 is divided by 774?
10
What is the remainder when 515267 is divided by 8353?
5734
What is the remainder when 164431 is divided by 51963?
8542
Calculate the remainder when 3855166 is divided by 999.
25
Calculate the remainder when 638485 is divided by 212654.
523
Calculate the remainder when 30330406 is divided by 424.
414
Calculate the remainder when 196998 is divided by 196939.
59
Calculate the remainder when 3244555 is divided by 1081175.
1030
Calculate the remainder when 10393737 is divided by 1130.
1127
What is the remainder when 27913188 is divided by 422?
420
Calculate the remainder when 10627 is divided by 147.
43
What is the remainder when 9816 is divided by 540?
96
Calculate the remainder when 7307 is divided by 1338.
617
Calculate the remainder when 1952549 is divided by 3691.
10
What is the remainder when 8485134 is divided by 22?
20
What is the remainder when 2808074 is divided by 19366?
4
Calculate the remainder when 1275449 is divided by 11.
10
What is the remainder when 713252 is divided by 271?
251
Calculate the remainder when 47431648 is divided by 444.
16
Calculate the remainder when 360723 is divided by 513.
84
What is the remainder when 107407 is divided by 50811?
5785
Calculate the remainder when 1853509 is divided by 9221.
88
Calculate the remainder when 11799502 is divided by 18.
16
Calculate the remainder when 2749307 is divided by 60.
47
What is the remainder when 3213904 is divided by 45257?
657
Calculate the remainder when 199469209 is divided by 2018.
2017
Calculate the remainder when 199964 is divided by 64057.
7793
What is the remainder when 996748 is divided by 3056?
492
Calculate the remainder when 1940639 is divided by 77609.
414
Calculate the remainder when 7304033 is divided by 1140.
53
Calculate the remainder when 60242639 is divided by 75492.
23
Calculate the remainder when 383384 is divided by 63897.
2
What is the remainder when 15839378 is divided by 2043?
2042
Calculate the remainder when 30638 is divided by 1384.
190
What is the remainder when 10530754 is divided by 3510251?
1
Calculate the remainder when 220716554 is divided by 2261.
2256
What is the remainder when 2367115 is divided by 591765?
55
Calculate the remainder when 138715 is divided by 187.
148
Calculate the remainder when 46700761 is divided by 95.
91
Calculate the remainder when 433390 is divided by 8025.
40
What is the remainder when 10070095 is divided by 33906?
13
What is the remainder when 4351460 is divided by 73?
3
What is the remainder when 27581499 is divided by 2504?
2443
What is the remainder when 128682 is divided by 1236?
138
Calculate the remainder when 10384128 is divided by 3461290.
258
Calculate the remainder when 68314093 is divided by 462.
1
What is the remainder when 1833392 is divided by 4274?
4120
Calculate the remainder when 414867 is divided by 82964.
47
Calculate the remainder when 12382191 is divided by 37866.
9
Calculate the remainder when 16112806 is divided by 379.
0
Calculate the remainder when 1858654 is divided by 929251.
152
Calculate the remainder when 749772 is divided by 161.
156
Calculate the remainder when 38153248 is divided by 58.
36
What is the remainder when 39755 is divided by 1314?
335
What is the remainder when 1779450 is divided by 776?
82
Calculate the remainder when 29716 is divided by 979.
346
Calculate the remainder when 235083324 is divided by 133646.
10
Calculate the remainder when 423538 is divided by 28235.
13
Calculate the remainder when 1755942 is divided by 155.
102
Calculate the remainder when 487855 is divided by 140.
95
Calculate the remainder when 278281 is divided by 9012.
7921
Calculate the remainder when 54373 is divided by 18118.
19
What is the remainder when 63227183 is divided by 812?
803
What is the remainder when 720384693 is divided by 62?
59
Calculate the remainder when 734325 is divided by 9037.
2328
Calculate the remainder when 269564 is divided by 8164.
152
What is the remainder when 34204 is divided by 15428?
3348
What is the remainder when 1254667 is divided by 626962?
743
What is the remainder when 16504 is divided by 2001?
496
What is the remainder when 10040 is divided by 58?
6
What is the remainder when 304217 is divided by 25262?
1073
What is the remainder when 198530911 is divided by 527?
525
Calculate the remainder when 6734658 is divided by 164.
162
Calculate the remainder when 1608221 is divided by 365.
31
What is the remainder when 31804 is divided by 649?
3
What is the remainder when 14867842 is divided by 743390?
42
Calculate the remainder when 1135749 is divided by 4157.
888
Calculate the remainder when 1173955 is divided by 76.
59
Calculate the remainder when 3529832 is divided by 426.
422
Calculate the remainder when 20315400 is divided by 1242.
6
Calculate the remainder when 917285 is divided by 10666.
9
What is the remainder when 234967 is divided by 234948?
19
What is the remainder when 67282 is divided by 6639?
892
What is the remainder when 6702 is divided by 5843?
859
Calculate the remainder when 5362468 is divided by 40.
28
Calculate the remainder when 324988635 is divided by 78.
75
Calculate the remainder when 237132 is divided by 1926.
234
Calculate the remainder when 681186 is divided by 454.
186
Calculate the remainder when 5782564 is divided by 10419.
19
What is the remainder when 80232370 is divided by 20058090?
10
What is the remainder when 344437 is divided by 162?
25
Calculate the remainder when 2096 is divided by 1234.
862
What is the remainder when 353662 is divided by 11788?
22
Calculate the remainder when 34075526 is divided by 231806.
44
What is the remainder when 51926 is divided by 1271?
1086
What is the remainder when 58091 is divided by 13997?
2103
Calculate the remainder when 1157751 is divided by 555.
21
What is the remainder when 897326 is divided by 448495?
336
Calculate the remainder when 22249 is divided by 7390.
79
Calculate the remainder when 111313261 is divided by 1355.
11
Calculate the remainder when 9186506 is divided by 2296612.
58
What is the remainder when 8811701 is divided by 2937227?
20
Calculate the remainder when 26058513 is divided by 12.
9
Calculate the remainder when 864768 is divided by 216171.
84
What is the remainder when 32414586 is divided by 97?
96
What is the remainder when 11274036 is divided by 290?
286
Calculate the remainder when 131650 is divided by 18708.
694
What is the remainder when 16060 is divided by 325?
135
Calculate the remainder when 1411428 is divided by 72.
12
What is the remainder when 5171689 is divided by 9386?
3
Calculate the remainder when 20055754 is divided by 530.
24
Calculate the remainder when 8253250 is divided by 455.
5
What is the remainder when 851872 is divided by 407?
21
What is the remainder when 61528901 is divided by 41?
37
Calculate the remainder when 257885 is divided by 966.
929
What is the remainder when 753411 is divided by 83?
20
What is the remainder when 542096749 is divided by 25?
24
Calculate the remainder when 86644 is divided by 12142.
1650
Calculate the remainder when 95243 is divided by 95224.
19
What is the remainder when 5085567 is divided by 5859?
5814
What is the remainder when 3631190 is divided by 726238?
0
What is the remainder when 69107 is divided by 34547?
13
What is the remainder when 3299018 is divided by 52?
34
What is the remainder when 226949332 is divided by 6?
4
What is the remainder when 6463868 is divided by 2154615?
23
Calculate the remainder when 682516 is divided by 65.
16
What is the remainder when 77343 is divided by 211?
117
Calculate the remainder when 9239784 is divided by 112.
8
What is the remainder when 163094501 is divided by 83?
82
Calculate the remainder when 509892 is divided by 174.
72
What is the remainder when 8693293 is divided by 1453?
1447
What is the remainder when 4768508 is divided by 135?
38
What is the remainder when 19589643 is divided by 104?
99
Calculate the remainder when 1261865 is divided by 45066.
17
What is the remainder when 16197097 is divided by 228128?
9
What is the remainder when 4078060 is divided by 155?
10
Calculate the remainder when 275088 is divided by 1317.
1152
What is the remai